*g + 8 = 0. Calculate the remainder when 151/7 + (-9)/(-21) is divided by g.
6
Suppose 0 = -2*o + o + 28. What is the remainder when 110 is divided by o?
26
Suppose -4*h = -h - 3*s - 36, -2*h - 4*s = -42. Calculate the remainder when 89 is divided by h.
14
Suppose -3*a + 0*a = -12. What is the remainder when (23/2)/(2/a) is divided by 8?
7
Suppose d + 0*d = -1. Let z be -4*4 - -3 - d. What is the remainder when 10 is divided by (-40)/z*12/10?
2
Suppose 101*f - 50 = 91*f. Let s = 5 - -3. What is the remainder when s is divided by f?
3
Let m(h) = 2 + 20*h**3 - 18*h**3 + h - h**2 - 1. Suppose -4*l + 24 = 4*c, 5*c + 4*l = 2*l + 18. What is the remainder when 43 is divided by m(c)?
13
Let m = -5 + -4. Let u be 2/(-9) + 7/m. Let s = 2 + u. What is the remainder when 2 is divided by s?
0
Suppose 3*p - 40 = -p. Let g = 885 + -846. What is the remainder when g is divided by p?
9
Let i = 10 + -6. Calculate the remainder when (-21)/(-3 + 6/i) is divided by 8.
6
Suppose 2*x = 7*x - z - 11, -5*z + 5 = 5*x. Calculate the remainder when 2 is divided by x.
0
Suppose -s - 115 = -0*s. Let o be s/(-25) + 4/10. Suppose 24 = -p + o*p. Calculate the remainder when 10 is divided by p.
4
What is the remainder when 152 is divided by (-1)/((-1)/(-2) - (-42)/(-77))?
20
Let q(z) = 3*z - 12. Let u(c) = 2*c**2 + 5*c + 4. What is the remainder when u(-5) is divided by q(9)?
14
Let c = 5 + -1. Suppose -o - 6*t = -3*t - 21, -92 = -4*o - c*t. Calculate the remainder when o is divided by 9.
6
Let q(w) = -14*w. Suppose 3*c + c = -8. Let x be q(c). Suppose 4*o - 24 - x = 0. Calculate the remainder when 38 is divided by o.
12
Suppose f + 2*g = 15, 22 = -f + 5*g + 2. What is the remainder when (-39)/(-2) - 8/16 is divided by f?
4
Let u = -59 - -77. What is the remainder when 70 is divided by u?
16
Let l(y) = y**2 + y. Let i be l(-1). Suppose 0 = 3*d + 30 - i. Let b = d - -20. Calculate the remainder when b is divided by 6.
4
Suppose -y - 2 + 14 = 0. Suppose 2*v + 5*j - 2 = -14, 2*v - j + y = 0. Calculate the remainder when -4*3/v + 14 is divided by 9.
7
Let f(b) = -b**3 + 6*b**2 + 5*b + 4. Calculate the remainder when f(5) is divided by 7.
5
Suppose 0 = -5*i + 22 - 7. Suppose -7*d - 4*w - 3 = -4*d, -3*w = 2*d + i. Calculate the remainder when 5 is divided by d.
2
Suppose 18*g - 725 = -11*g. What is the remainder when 194/(-4)*-1*2 is divided by g?
22
Let j = 40 - 13. What is the remainder when j is divided by 10?
7
Let w(b) = -50*b - 3. Let k be w(-5). Suppose 3*z + 64 = 5*v - k, -2*v + 132 = -5*z. Calculate the remainder when v is divided by 21.
19
Suppose -3*h = 3*x - 36, h - 58 = -5*x - 2*h. Let j = -1 - 1. Calculate the remainder when x is divided by j/8 - (-51)/12.
3
Suppose 3*y = 4*n - 279, -2*n - y + 142 = -3*y. Calculate the remainder when n is divided by 17.
15
Let a = 13 + 1. Let q = 37 - -3. Calculate the remainder when q is divided by a.
12
Let c = 245 - 106. Calculate the remainder when c is divided by 35.
34
Let u(g) = -91*g + 2. Let b be u(-3). Suppose 0 = 8*l - 13*l + b. Calculate the remainder when l is divided by 14.
13
Let n be -5 - (-1)/(2/4). Let u be 3/n*1 + 8. Suppose -18 + u = -x. What is the remainder when 21 is divided by x?
10
Let p(u) = u**3 - 2*u**2 + 2. Let l be p(2). Suppose -5*w = -25, -2*t - 3*w = l*w - 75. Suppose -4*o + 7*o = 27. What is the remainder when t is divided by o?
7
Suppose -3*h + 51 = 3*c, 3*h + 79 = 4*c - 17. Let i = 43 - 2. Calculate the remainder when i is divided by c.
20
What is the remainder when 69 + -1 - (9 - 4) is divided by 11?
8
Suppose 6*c - 60 = 12. Let z(b) = -4*b**2 + 3*b + 3. Let g be z(-3). Let a = g - -77. Calculate the remainder when a is divided by c.
11
Let q(l) = l + 13. Calculate the remainder when q(-3) is divided by 6.
4
Suppose 0 = 5*m - 2*m - 93. Let q be (-1)/3 + (-67)/(-3). Let p = m - q. Calculate the remainder when 16 is divided by p.
7
Suppose -10 - 6 = -f. Suppose l = -7*l + 360. Calculate the remainder when l is divided by f.
13
Suppose d - 6 - 5 = 0. Calculate the remainder when 162 is divided by d.
8
Let b = -3 - 2. Let c = 15 + b. Suppose o = 3*o - c. What is the remainder when o is divided by 2?
1
Suppose 41 + 3 = 2*r. Let t = 9 - 5. Suppose 4*d = -q - 17 + 47, -24 = -2*d + t*q. Calculate the remainder when r is divided by d.
6
Let n be (-6)/(-12) - (-1)/(-2). Suppose -3*f + 26 + 52 = n. Let j(y) = -y**3 + 6*y**2 - 3*y - 1. Calculate the remainder when f is divided by j(5).
8
Let g be -1*(0 + -3*2). What is the remainder when 17 is divided by 31/3 - 2/g?
7
Let t be 0 - (-7)/(28/16). Suppose 3*y + 6 = t*y. What is the remainder when 22 is divided by y?
4
Suppose 0 = -0*b - 2*b + 4. Suppose -c + b*c = 12. Let i(r) = 2*r - 11. What is the remainder when c is divided by i(9)?
5
Suppose -4*y - u + 49 = y, -5*y + 55 = -5*u. Let f(l) = -l**2 + 10*l + 5. Calculate the remainder when (-4)/20 - 92/(-10) is divided by f(y).
4
Let k = -46 - -74. Calculate the remainder when k is divided by 11 + -1*(-3)/(-3).
8
Let z = 234 - 204. Let c(o) = -o + 3. Let b(w) = -w**3 - 8*w**2 - 6*w + 2. Let f be b(-7). Calculate the remainder when z is divided by c(f).
6
Suppose 0 = m - 4*z, -m - 4*m - 24 = 4*z. Let o(p) = -p**3 - 3*p**2 + p - 4. What is the remainder when -1 - (-23)/1 - -1 is divided by o(m)?
7
Suppose -6*p - 114 = -9*p. Suppose -2*a + 25 = -f, 4*a - 5*f = -0*f + 47. What is the remainder when p is divided by a?
12
Calculate the remainder when (1584/(-54))/(1/(-3)) is divided by 13.
10
Let b be ((-12)/(-6))/(1/(-30)). Let p(f) = -3*f**3 - 2*f**2 + 3*f + 2. Let z be p(3). Let x = b - z. What is the remainder when x is divided by 10?
8
Suppose 4*r - 44 = -0*r. What is the remainder when 20 is divided by r?
9
Let b = 37 + -15. Calculate the remainder when 39 is divided by b.
17
Suppose -3*m + 8*m = 95. Let x = -113 - -168. Calculate the remainder when x is divided by m.
17
Let w(o) = o**3 + 6. What is the remainder when 71 is divided by w(0)?
5
Suppose 3*n = 5*z - 9, 6 - 1 = 5*z - 5*n. Suppose 0*r - 3*i = -2*r + 28, z*i = r - 17. What is the remainder when r is divided by 6?
5
Let d = 12 - 9. Calculate the remainder when -5*(-4)/6*d is divided by 6.
4
Suppose 0 = 2*n, 0 = 2*l - n + 5*n - 34. Suppose -5*h - l = -57. Suppose 3*p - 53 = 13. What is the remainder when p is divided by h?
6
Let d = 73 + -47. Let q = -16 + 8. Let h = 22 + q. Calculate the remainder when d is divided by h.
12
Let d be 1394/8 - (-4)/(-16). Suppose -5*c = -d + 29. Calculate the remainder when c is divided by 10.
9
Suppose 8*d - 5*d + 3*z - 285 = 0, -4*z + 110 = d. Calculate the remainder when d is divided by 47.
43
Let m(u) = 17*u + 11. Calculate the remainder when m(3) is divided by (-16)/(-5)*(-10)/(-2).
14
Let g(i) = -i**2 - 15*i + 11. What is the remainder when g(-9) is divided by 22?
21
Let d = 10 + -3. Suppose -2*a = -4*a. Suppose a*u = 2*u - 26. What is the remainder when u is divided by d?
6
Let x(v) = 49*v**2 + v - 2. What is the remainder when x(1) is divided by 13?
9
Let o(s) = -s**2 + s. Let y(g) = -3*g**2 - 5*g + 7. Let m(a) = -5*o(a) + y(a). What is the remainder when m(7) is divided by (-440)/(-24) + 2/(-6)?
17
Suppose -6*n = -2*n - 20. What is the remainder when 60 is divided by (-1 + n)*93/12?
29
Calculate the remainder when -6*(-4 - 0 - 1) is divided by 17.
13
Let a = 6 - 9. Let h be (-28)/(-1)*a/(-2). Let p = -30 + h. Calculate the remainder when 34 is divided by p.
10
Let o(g) = g**2 + g + 1. Let p(b) = 4*b**2 + b. Calculate the remainder when o(-3) is divided by p(-1).
1
Let p = -74 - -18. Suppose 0 = -5*j + 7 + 38. What is the remainder when j is divided by (p/21)/((-4)/6)?
1
Let f(z) = -2*z**3 + 5*z + 5. What is the remainder when 173 is divided by f(-2)?
8
Let w be -1 - (-8 - (2 + -3)). Let s = 12 - w. What is the remainder when 82/5 - 2/5 is divided by s?
4
Let s(q) = -q**2 + 10*q + 7. Let t be (-32)/(-5) + (-2)/5. What is the remainder when s(t) is divided by 11?
9
Let y = -74 + 79. Suppose m + 4*m - 65 = 0. Calculate the remainder when m is divided by y.
3
Let q(t) = -3*t**3 - t**2 + 4*t + 3. Suppose -2*y = 2*g - 58 - 8, 74 = 3*y - 2*g. What is the remainder when y is divided by q(-2)?
13
Suppose -7*c + 10*c - 21 = 0. Calculate the remainder when 19 is divided by c.
5
Let r(g) = 4*g + 3. Let i(b) = -b - 2. Let